{"id":420,"date":"2025-04-15T04:34:21","date_gmt":"2025-04-15T04:34:21","guid":{"rendered":"https:\/\/opencnc.mx\/wordpress\/?page_id=420"},"modified":"2025-04-16T01:01:30","modified_gmt":"2025-04-16T01:01:30","slug":"elementor-420","status":"publish","type":"page","link":"https:\/\/opencnc.mx\/wordpress\/index.php\/elementor-420\/","title":{"rendered":"OpenCnc Plasma"},"content":{"rendered":"\t\t<div data-elementor-type=\"wp-page\" data-elementor-id=\"420\" class=\"elementor elementor-420\">\n\t\t\t\t\t\t\t\t\t<section class=\"elementor-section elementor-top-section elementor-element elementor-element-1d9276e elementor-section-boxed elementor-section-height-default elementor-section-height-default\" data-id=\"1d9276e\" data-element_type=\"section\">\n\t\t\t\t\t\t<div class=\"elementor-container elementor-column-gap-default\">\n\t\t\t\t\t<div class=\"elementor-column elementor-col-100 elementor-top-column elementor-element elementor-element-480807d\" data-id=\"480807d\" data-element_type=\"column\">\n\t\t\t<div class=\"elementor-widget-wrap elementor-element-populated\">\n\t\t\t\t\t\t\t\t<div class=\"elementor-element elementor-element-495a73d elementor-arrows-position-inside elementor-pagination-position-outside elementor-widget elementor-widget-image-carousel\" data-id=\"495a73d\" data-element_type=\"widget\" data-settings=\"{&quot;navigation&quot;:&quot;both&quot;,&quot;autoplay&quot;:&quot;yes&quot;,&quot;pause_on_hover&quot;:&quot;yes&quot;,&quot;pause_on_interaction&quot;:&quot;yes&quot;,&quot;autoplay_speed&quot;:5000,&quot;infinite&quot;:&quot;yes&quot;,&quot;speed&quot;:500}\" data-widget_type=\"image-carousel.default\">\n\t\t\t\t<div class=\"elementor-widget-container\">\n\t\t\t<style>\/*! elementor - v3.15.0 - 20-08-2023 *\/\n.elementor-widget-image-carousel .swiper,.elementor-widget-image-carousel .swiper-container{position:static}.elementor-widget-image-carousel .swiper-container .swiper-slide figure,.elementor-widget-image-carousel .swiper .swiper-slide figure{line-height:inherit}.elementor-widget-image-carousel .swiper-slide{text-align:center}.elementor-image-carousel-wrapper:not(.swiper-container-initialized):not(.swiper-initialized) .swiper-slide{max-width:calc(100% \/ var(--e-image-carousel-slides-to-show, 3))}<\/style>\t\t<div class=\"elementor-image-carousel-wrapper swiper\" dir=\"ltr\">\n\t\t\t<div class=\"elementor-image-carousel swiper-wrapper swiper-image-stretch\" aria-live=\"off\">\n\t\t\t\t\t\t\t\t<div class=\"swiper-slide\" role=\"group\" aria-roledescription=\"slide\" aria-label=\"1 of 13\"><figure class=\"swiper-slide-inner\"><img decoding=\"async\" class=\"swiper-slide-image\" src=\"https:\/\/opencnc.mx\/wordpress\/wp-content\/uploads\/2025\/04\/plasma-cama-completa.00_00_26_29.Still002-1024x576.jpg\" alt=\"plasma cama completa.00_00_26_29.Still002\" \/><\/figure><\/div><div class=\"swiper-slide\" role=\"group\" aria-roledescription=\"slide\" aria-label=\"2 of 13\"><figure class=\"swiper-slide-inner\"><img decoding=\"async\" class=\"swiper-slide-image\" src=\"https:\/\/opencnc.mx\/wordpress\/wp-content\/uploads\/2025\/04\/20240611_133809-1024x768.jpg\" alt=\"20240611_133809\" \/><\/figure><\/div><div class=\"swiper-slide\" role=\"group\" aria-roledescription=\"slide\" aria-label=\"3 of 13\"><figure class=\"swiper-slide-inner\"><img decoding=\"async\" class=\"swiper-slide-image\" src=\"https:\/\/opencnc.mx\/wordpress\/wp-content\/uploads\/2025\/04\/20240611_133757-1024x768.jpg\" alt=\"20240611_133757\" \/><\/figure><\/div><div class=\"swiper-slide\" role=\"group\" aria-roledescription=\"slide\" aria-label=\"4 of 13\"><figure class=\"swiper-slide-inner\"><img decoding=\"async\" class=\"swiper-slide-image\" src=\"https:\/\/opencnc.mx\/wordpress\/wp-content\/uploads\/2025\/04\/plasma-cama-completa.00_36_46_29.Still015-1024x576.jpg\" alt=\"plasma cama completa.00_36_46_29.Still015\" \/><\/figure><\/div><div class=\"swiper-slide\" role=\"group\" aria-roledescription=\"slide\" aria-label=\"5 of 13\"><figure class=\"swiper-slide-inner\"><img decoding=\"async\" class=\"swiper-slide-image\" src=\"https:\/\/opencnc.mx\/wordpress\/wp-content\/uploads\/2025\/04\/plasma-cama-completa.00_31_55_04.Still012-1024x576.jpg\" alt=\"plasma cama completa.00_31_55_04.Still012\" \/><\/figure><\/div><div class=\"swiper-slide\" role=\"group\" aria-roledescription=\"slide\" aria-label=\"6 of 13\"><figure class=\"swiper-slide-inner\"><img decoding=\"async\" class=\"swiper-slide-image\" src=\"https:\/\/opencnc.mx\/wordpress\/wp-content\/uploads\/2025\/04\/plasma-cama-completa.00_25_22_27.Still011-1024x576.jpg\" alt=\"plasma cama completa.00_25_22_27.Still011\" \/><\/figure><\/div><div class=\"swiper-slide\" role=\"group\" aria-roledescription=\"slide\" aria-label=\"7 of 13\"><figure class=\"swiper-slide-inner\"><img decoding=\"async\" class=\"swiper-slide-image\" src=\"https:\/\/opencnc.mx\/wordpress\/wp-content\/uploads\/2025\/04\/plasma-cama-completa.00_19_55_02.Still010-1024x576.jpg\" alt=\"plasma cama completa.00_19_55_02.Still010\" \/><\/figure><\/div><div class=\"swiper-slide\" role=\"group\" aria-roledescription=\"slide\" aria-label=\"8 of 13\"><figure class=\"swiper-slide-inner\"><img decoding=\"async\" class=\"swiper-slide-image\" src=\"https:\/\/opencnc.mx\/wordpress\/wp-content\/uploads\/2025\/04\/plasma-cama-completa.00_13_27_01.Still009-1024x576.jpg\" alt=\"plasma cama completa.00_13_27_01.Still009\" \/><\/figure><\/div><div class=\"swiper-slide\" role=\"group\" aria-roledescription=\"slide\" aria-label=\"9 of 13\"><figure class=\"swiper-slide-inner\"><img decoding=\"async\" class=\"swiper-slide-image\" src=\"https:\/\/opencnc.mx\/wordpress\/wp-content\/uploads\/2025\/04\/plasma-cama-completa.00_12_49_29.Still008-1024x576.jpg\" alt=\"plasma cama completa.00_12_49_29.Still008\" \/><\/figure><\/div><div class=\"swiper-slide\" role=\"group\" aria-roledescription=\"slide\" aria-label=\"10 of 13\"><figure class=\"swiper-slide-inner\"><img decoding=\"async\" class=\"swiper-slide-image\" src=\"https:\/\/opencnc.mx\/wordpress\/wp-content\/uploads\/2025\/04\/plasma-cama-completa.00_10_56_24.Still007-1024x576.jpg\" alt=\"plasma cama completa.00_10_56_24.Still007\" \/><\/figure><\/div><div class=\"swiper-slide\" role=\"group\" aria-roledescription=\"slide\" aria-label=\"11 of 13\"><figure class=\"swiper-slide-inner\"><img decoding=\"async\" class=\"swiper-slide-image\" src=\"https:\/\/opencnc.mx\/wordpress\/wp-content\/uploads\/2025\/04\/plasma-cama-completa.00_09_26_19.Still006-1024x576.jpg\" alt=\"plasma cama completa.00_09_26_19.Still006\" \/><\/figure><\/div><div class=\"swiper-slide\" role=\"group\" aria-roledescription=\"slide\" aria-label=\"12 of 13\"><figure class=\"swiper-slide-inner\"><img decoding=\"async\" class=\"swiper-slide-image\" src=\"https:\/\/opencnc.mx\/wordpress\/wp-content\/uploads\/2025\/04\/plasma-cama-completa.00_03_22_16.Still004-1024x576.jpg\" alt=\"plasma cama completa.00_03_22_16.Still004\" \/><\/figure><\/div><div class=\"swiper-slide\" role=\"group\" aria-roledescription=\"slide\" aria-label=\"13 of 13\"><figure class=\"swiper-slide-inner\"><img decoding=\"async\" class=\"swiper-slide-image\" src=\"https:\/\/opencnc.mx\/wordpress\/wp-content\/uploads\/2025\/04\/plasma-cama-completa.00_01_00_10.Still003-1024x576.jpg\" alt=\"plasma cama completa.00_01_00_10.Still003\" \/><\/figure><\/div>\t\t\t<\/div>\n\t\t\t\t\t\t\t\t\t\t\t\t<div class=\"elementor-swiper-button elementor-swiper-button-prev\" role=\"button\" tabindex=\"0\">\n\t\t\t\t\t\t<i aria-hidden=\"true\" class=\"eicon-chevron-left\"><\/i>\t\t\t\t\t<\/div>\n\t\t\t\t\t<div class=\"elementor-swiper-button elementor-swiper-button-next\" role=\"button\" tabindex=\"0\">\n\t\t\t\t\t\t<i aria-hidden=\"true\" class=\"eicon-chevron-right\"><\/i>\t\t\t\t\t<\/div>\n\t\t\t\t\n\t\t\t\t\t\t\t\t\t<div class=\"swiper-pagination\"><\/div>\n\t\t\t\t\t\t\t\t\t<\/div>\n\t\t\t\t<\/div>\n\t\t\t\t<\/div>\n\t\t\t\t\t<\/div>\n\t\t<\/div>\n\t\t\t\t\t\t\t<\/div>\n\t\t<\/section>\n\t\t\t\t<section class=\"elementor-section elementor-top-section elementor-element elementor-element-767bc46 elementor-section-boxed elementor-section-height-default elementor-section-height-default\" data-id=\"767bc46\" data-element_type=\"section\">\n\t\t\t\t\t\t<div class=\"elementor-container elementor-column-gap-default\">\n\t\t\t\t\t<div class=\"elementor-column elementor-col-100 elementor-top-column elementor-element elementor-element-5749b98\" data-id=\"5749b98\" data-element_type=\"column\">\n\t\t\t<div class=\"elementor-widget-wrap elementor-element-populated\">\n\t\t\t\t\t\t\t\t<div class=\"elementor-element elementor-element-5935509 elementor-widget elementor-widget-heading\" data-id=\"5935509\" data-element_type=\"widget\" data-widget_type=\"heading.default\">\n\t\t\t\t<div class=\"elementor-widget-container\">\n\t\t\t<style>\/*! elementor - v3.15.0 - 20-08-2023 *\/\n.elementor-heading-title{padding:0;margin:0;line-height:1}.elementor-widget-heading .elementor-heading-title[class*=elementor-size-]>a{color:inherit;font-size:inherit;line-height:inherit}.elementor-widget-heading .elementor-heading-title.elementor-size-small{font-size:15px}.elementor-widget-heading .elementor-heading-title.elementor-size-medium{font-size:19px}.elementor-widget-heading .elementor-heading-title.elementor-size-large{font-size:29px}.elementor-widget-heading .elementor-heading-title.elementor-size-xl{font-size:39px}.elementor-widget-heading .elementor-heading-title.elementor-size-xxl{font-size:59px}<\/style><h3 class=\"elementor-heading-title elementor-size-default\">\ud83c\udf89 \u00a1Llegamos a 10,000 Suscriptores! Construye tu Propia CNC Plasma Paso a Paso<\/h3>\t\t<\/div>\n\t\t\t\t<\/div>\n\t\t\t\t\t<\/div>\n\t\t<\/div>\n\t\t\t\t\t\t\t<\/div>\n\t\t<\/section>\n\t\t\t\t<section class=\"elementor-section elementor-top-section elementor-element elementor-element-c4cee1b elementor-section-boxed elementor-section-height-default elementor-section-height-default\" data-id=\"c4cee1b\" data-element_type=\"section\">\n\t\t\t\t\t\t<div class=\"elementor-container elementor-column-gap-default\">\n\t\t\t\t\t<div class=\"elementor-column elementor-col-100 elementor-top-column elementor-element elementor-element-887f462\" data-id=\"887f462\" data-element_type=\"column\">\n\t\t\t<div class=\"elementor-widget-wrap elementor-element-populated\">\n\t\t\t\t\t\t\t\t<div class=\"elementor-element elementor-element-1c6d3d3 elementor-widget elementor-widget-text-editor\" data-id=\"1c6d3d3\" data-element_type=\"widget\" data-widget_type=\"text-editor.default\">\n\t\t\t\t<div class=\"elementor-widget-container\">\n\t\t\t<style>\/*! elementor - v3.15.0 - 20-08-2023 *\/\n.elementor-widget-text-editor.elementor-drop-cap-view-stacked .elementor-drop-cap{background-color:#69727d;color:#fff}.elementor-widget-text-editor.elementor-drop-cap-view-framed .elementor-drop-cap{color:#69727d;border:3px solid;background-color:transparent}.elementor-widget-text-editor:not(.elementor-drop-cap-view-default) .elementor-drop-cap{margin-top:8px}.elementor-widget-text-editor:not(.elementor-drop-cap-view-default) .elementor-drop-cap-letter{width:1em;height:1em}.elementor-widget-text-editor .elementor-drop-cap{float:left;text-align:center;line-height:1;font-size:50px}.elementor-widget-text-editor .elementor-drop-cap-letter{display:inline-block}<\/style>\t\t\t\t<p class=\"\" data-start=\"838\" data-end=\"1057\">En <strong data-start=\"841\" data-end=\"863\">El Garage Creativo<\/strong> cumplimos nuestra palabra: al alcanzar los <strong data-start=\"907\" data-end=\"930\">10,000 suscriptores<\/strong>, liberamos gratuitamente toda la informaci\u00f3n necesaria para que puedas construir tu propia m\u00e1quina CNC plasma de gran formato.<\/p><p class=\"\" data-start=\"1059\" data-end=\"1076\">Aqu\u00ed encontrar\u00e1s:<\/p><ul data-start=\"1078\" data-end=\"1239\"><li class=\"\" data-start=\"1078\" data-end=\"1107\"><p class=\"\" data-start=\"1080\" data-end=\"1107\">Diagrama el\u00e9ctrico completo<\/p><\/li><li class=\"\" data-start=\"1108\" data-end=\"1129\"><p class=\"\" data-start=\"1110\" data-end=\"1129\">Modelo 3D detallado<\/p><\/li><li class=\"\" data-start=\"1130\" data-end=\"1151\"><p class=\"\" data-start=\"1132\" data-end=\"1151\">Lista de materiales<\/p><\/li><li class=\"\" data-start=\"1152\" data-end=\"1203\"><p class=\"\" data-start=\"1154\" data-end=\"1203\">Archivo personalizado de configuraci\u00f3n para Mach3<\/p><\/li><li class=\"\" data-start=\"1204\" data-end=\"1239\"><p class=\"\" data-start=\"1206\" data-end=\"1239\">Pantalla personalizada para Mach3<\/p><\/li><\/ul><p class=\"\" data-start=\"1241\" data-end=\"1271\"><strong data-start=\"1241\" data-end=\"1271\">Caracter\u00edsticas de tu CNC:<\/strong><\/p><ul data-start=\"1273\" data-end=\"1389\"><li class=\"\" data-start=\"1273\" data-end=\"1311\"><p class=\"\" data-start=\"1275\" data-end=\"1311\">\u00c1rea efectiva de corte: 122 x 302 cm<\/p><\/li><li class=\"\" data-start=\"1312\" data-end=\"1348\"><p class=\"\" data-start=\"1314\" data-end=\"1348\">Control autom\u00e1tico de altura (THC)<\/p><\/li><li class=\"\" data-start=\"1349\" data-end=\"1389\"><p class=\"\" data-start=\"1351\" data-end=\"1389\">Software recomendado: Mach3 y SheetCam<\/p><\/li><\/ul><p class=\"\" data-start=\"1391\" data-end=\"1510\">Descarga todos los archivos desde los enlaces que encontrar\u00e1s m\u00e1s abajo y empieza hoy mismo con este gran proyecto DIY.<\/p><p class=\"\" data-start=\"1512\" data-end=\"1668\">\u00a1No olvides suscribirte a nuestro canal de YouTube <strong data-start=\"1563\" data-end=\"1587\">&#8220;El Garage Creativo&#8221;<\/strong> y regalarnos un &#8220;me gusta&#8221; \ud83d\udc4d para apoyarnos y recibir m\u00e1s contenido de calidad!<\/p><p class=\"\" data-start=\"1670\" data-end=\"1729\"><strong data-start=\"1670\" data-end=\"1729\">\u00a1Gracias por estos 10,000 suscriptores y vamos por m\u00e1s!<\/strong><\/p>\t\t\t\t\t\t<\/div>\n\t\t\t\t<\/div>\n\t\t\t\t\t<\/div>\n\t\t<\/div>\n\t\t\t\t\t\t\t<\/div>\n\t\t<\/section>\n\t\t\t\t<section class=\"elementor-section elementor-top-section elementor-element elementor-element-8e46e7e elementor-section-boxed elementor-section-height-default elementor-section-height-default\" data-id=\"8e46e7e\" data-element_type=\"section\">\n\t\t\t\t\t\t<div class=\"elementor-container elementor-column-gap-default\">\n\t\t\t\t\t<div class=\"elementor-column elementor-col-16 elementor-top-column elementor-element elementor-element-88dcd1b\" data-id=\"88dcd1b\" data-element_type=\"column\">\n\t\t\t<div class=\"elementor-widget-wrap elementor-element-populated\">\n\t\t\t\t\t\t\t\t<div class=\"elementor-element elementor-element-91f7ed3 elementor-widget elementor-widget-button\" data-id=\"91f7ed3\" data-element_type=\"widget\" data-widget_type=\"button.default\">\n\t\t\t\t<div class=\"elementor-widget-container\">\n\t\t\t\t\t<div class=\"elementor-button-wrapper\">\n\t\t\t<a class=\"elementor-button elementor-button-link elementor-size-sm\" href=\"https:\/\/opencnc.mx\/wordpress\/wp-content\/uploads\/2025\/04\/PlasmaDiagrama-Electrico-scaled.jpg\" download=\"\">\n\t\t\t\t\t\t<span class=\"elementor-button-content-wrapper\">\n\t\t\t\t\t\t<span class=\"elementor-button-text\">Diagrama El\u00e9ctrico<\/span>\n\t\t<\/span>\n\t\t\t\t\t<\/a>\n\t\t<\/div>\n\t\t\t\t<\/div>\n\t\t\t\t<\/div>\n\t\t\t\t\t<\/div>\n\t\t<\/div>\n\t\t\t\t<div class=\"elementor-column elementor-col-16 elementor-top-column elementor-element elementor-element-96d00a5\" data-id=\"96d00a5\" data-element_type=\"column\">\n\t\t\t<div class=\"elementor-widget-wrap elementor-element-populated\">\n\t\t\t\t\t\t\t\t<div class=\"elementor-element elementor-element-7c67e28 elementor-widget elementor-widget-button\" data-id=\"7c67e28\" data-element_type=\"widget\" data-widget_type=\"button.default\">\n\t\t\t\t<div class=\"elementor-widget-container\">\n\t\t\t\t\t<div class=\"elementor-button-wrapper\">\n\t\t\t<a class=\"elementor-button elementor-button-link elementor-size-sm\" href=\"https:\/\/opencnc.mx\/wordpress\/wp-content\/uploads\/2025\/04\/P-lista-de-materiales-web.zip\" download=\"\">\n\t\t\t\t\t\t<span class=\"elementor-button-content-wrapper\">\n\t\t\t\t\t\t<span class=\"elementor-button-text\">Lista De Materiales<\/span>\n\t\t<\/span>\n\t\t\t\t\t<\/a>\n\t\t<\/div>\n\t\t\t\t<\/div>\n\t\t\t\t<\/div>\n\t\t\t\t\t<\/div>\n\t\t<\/div>\n\t\t\t\t<div class=\"elementor-column elementor-col-16 elementor-top-column elementor-element elementor-element-7b232cf\" data-id=\"7b232cf\" data-element_type=\"column\">\n\t\t\t<div class=\"elementor-widget-wrap elementor-element-populated\">\n\t\t\t\t\t\t\t\t<div class=\"elementor-element elementor-element-95ec2f4 elementor-widget elementor-widget-button\" data-id=\"95ec2f4\" data-element_type=\"widget\" data-widget_type=\"button.default\">\n\t\t\t\t<div class=\"elementor-widget-container\">\n\t\t\t\t\t<div class=\"elementor-button-wrapper\">\n\t\t\t<a class=\"elementor-button elementor-button-link elementor-size-sm\" href=\"https:\/\/opencnc.mx\/wordpress\/wp-content\/uploads\/2025\/04\/Modelo3DFusion360.zip\" download=\"\">\n\t\t\t\t\t\t<span class=\"elementor-button-content-wrapper\">\n\t\t\t\t\t\t<span class=\"elementor-button-text\">Modelo 3D Fusion 360<\/span>\n\t\t<\/span>\n\t\t\t\t\t<\/a>\n\t\t<\/div>\n\t\t\t\t<\/div>\n\t\t\t\t<\/div>\n\t\t\t\t\t<\/div>\n\t\t<\/div>\n\t\t\t\t<div class=\"elementor-column elementor-col-16 elementor-top-column elementor-element elementor-element-a5cd7bc\" data-id=\"a5cd7bc\" data-element_type=\"column\">\n\t\t\t<div class=\"elementor-widget-wrap elementor-element-populated\">\n\t\t\t\t\t\t\t\t<div class=\"elementor-element elementor-element-caa8d58 elementor-widget elementor-widget-button\" data-id=\"caa8d58\" data-element_type=\"widget\" data-widget_type=\"button.default\">\n\t\t\t\t<div class=\"elementor-widget-container\">\n\t\t\t\t\t<div class=\"elementor-button-wrapper\">\n\t\t\t<a class=\"elementor-button elementor-button-link elementor-size-sm\" href=\"https:\/\/opencnc.mx\/wordpress\/wp-content\/uploads\/2025\/04\/Modelo3DStepFile.zip\" download=\"\">\n\t\t\t\t\t\t<span class=\"elementor-button-content-wrapper\">\n\t\t\t\t\t\t<span class=\"elementor-button-text\">Modelo 3D Step<\/span>\n\t\t<\/span>\n\t\t\t\t\t<\/a>\n\t\t<\/div>\n\t\t\t\t<\/div>\n\t\t\t\t<\/div>\n\t\t\t\t\t<\/div>\n\t\t<\/div>\n\t\t\t\t<div class=\"elementor-column elementor-col-16 elementor-top-column elementor-element elementor-element-5a028ee\" data-id=\"5a028ee\" data-element_type=\"column\">\n\t\t\t<div class=\"elementor-widget-wrap elementor-element-populated\">\n\t\t\t\t\t\t\t\t<div class=\"elementor-element elementor-element-fa112d0 elementor-widget elementor-widget-button\" data-id=\"fa112d0\" data-element_type=\"widget\" data-widget_type=\"button.default\">\n\t\t\t\t<div class=\"elementor-widget-container\">\n\t\t\t\t\t<div class=\"elementor-button-wrapper\">\n\t\t\t<a class=\"elementor-button elementor-button-link elementor-size-sm\" href=\"https:\/\/opencnc.mx\/wordpress\/wp-content\/uploads\/2025\/04\/PlasmaArchivoXML.zip\" download=\"\">\n\t\t\t\t\t\t<span class=\"elementor-button-content-wrapper\">\n\t\t\t\t\t\t<span class=\"elementor-button-text\">Archivo XML Mach3<\/span>\n\t\t<\/span>\n\t\t\t\t\t<\/a>\n\t\t<\/div>\n\t\t\t\t<\/div>\n\t\t\t\t<\/div>\n\t\t\t\t\t<\/div>\n\t\t<\/div>\n\t\t\t\t<div class=\"elementor-column elementor-col-16 elementor-top-column elementor-element elementor-element-4c33a37\" data-id=\"4c33a37\" data-element_type=\"column\">\n\t\t\t<div class=\"elementor-widget-wrap elementor-element-populated\">\n\t\t\t\t\t\t\t\t<div class=\"elementor-element elementor-element-79d4af6 elementor-widget elementor-widget-button\" data-id=\"79d4af6\" data-element_type=\"widget\" data-widget_type=\"button.default\">\n\t\t\t\t<div class=\"elementor-widget-container\">\n\t\t\t\t\t<div class=\"elementor-button-wrapper\">\n\t\t\t<a class=\"elementor-button elementor-button-link elementor-size-sm\" href=\"https:\/\/opencnc.mx\/wordpress\/wp-content\/uploads\/2025\/04\/PlasmaPantallamach3.zip\" download=\"\">\n\t\t\t\t\t\t<span class=\"elementor-button-content-wrapper\">\n\t\t\t\t\t\t<span class=\"elementor-button-text\">Pantalla Mach3<\/span>\n\t\t<\/span>\n\t\t\t\t\t<\/a>\n\t\t<\/div>\n\t\t\t\t<\/div>\n\t\t\t\t<\/div>\n\t\t\t\t\t<\/div>\n\t\t<\/div>\n\t\t\t\t\t\t\t<\/div>\n\t\t<\/section>\n\t\t\t\t<section class=\"elementor-section elementor-top-section elementor-element elementor-element-4013262 elementor-section-boxed elementor-section-height-default elementor-section-height-default\" data-id=\"4013262\" data-element_type=\"section\">\n\t\t\t\t\t\t<div class=\"elementor-container elementor-column-gap-default\">\n\t\t\t\t\t<div class=\"elementor-column elementor-col-100 elementor-top-column elementor-element elementor-element-e8fb28f\" data-id=\"e8fb28f\" data-element_type=\"column\">\n\t\t\t<div class=\"elementor-widget-wrap elementor-element-populated\">\n\t\t\t\t\t\t\t\t<div class=\"elementor-element elementor-element-51828d4 elementor-widget elementor-widget-video\" data-id=\"51828d4\" data-element_type=\"widget\" data-settings=\"{&quot;youtube_url&quot;:&quot;https:\\\/\\\/www.youtube.com\\\/watch?v=6Y5MNabclgE&amp;t=230s&quot;,&quot;video_type&quot;:&quot;youtube&quot;,&quot;controls&quot;:&quot;yes&quot;}\" data-widget_type=\"video.default\">\n\t\t\t\t<div class=\"elementor-widget-container\">\n\t\t\t<style>\/*! elementor - v3.15.0 - 20-08-2023 *\/\n.elementor-widget-video .elementor-widget-container{overflow:hidden;transform:translateZ(0)}.elementor-widget-video .elementor-wrapper{aspect-ratio:var(--video-aspect-ratio)}.elementor-widget-video .elementor-wrapper iframe,.elementor-widget-video .elementor-wrapper video{height:100%;width:100%;display:flex;border:none;background-color:#000}@supports not (aspect-ratio:1\/1){.elementor-widget-video .elementor-wrapper{position:relative;overflow:hidden;height:0;padding-bottom:calc(100% \/ var(--video-aspect-ratio))}.elementor-widget-video .elementor-wrapper iframe,.elementor-widget-video .elementor-wrapper video{position:absolute;top:0;right:0;bottom:0;left:0}}.elementor-widget-video .elementor-open-inline .elementor-custom-embed-image-overlay{position:absolute;top:0;right:0;bottom:0;left:0;background-size:cover;background-position:50%}.elementor-widget-video .elementor-custom-embed-image-overlay{cursor:pointer;text-align:center}.elementor-widget-video .elementor-custom-embed-image-overlay:hover .elementor-custom-embed-play i{opacity:1}.elementor-widget-video .elementor-custom-embed-image-overlay img{display:block;width:100%;aspect-ratio:var(--video-aspect-ratio);-o-object-fit:cover;object-fit:cover;-o-object-position:center center;object-position:center center}@supports not (aspect-ratio:1\/1){.elementor-widget-video .elementor-custom-embed-image-overlay{position:relative;overflow:hidden;height:0;padding-bottom:calc(100% \/ var(--video-aspect-ratio))}.elementor-widget-video .elementor-custom-embed-image-overlay img{position:absolute;top:0;right:0;bottom:0;left:0}}.elementor-widget-video .e-hosted-video .elementor-video{-o-object-fit:cover;object-fit:cover}.e-con-inner>.elementor-widget-video,.e-con>.elementor-widget-video{width:var(--container-widget-width);--flex-grow:var(--container-widget-flex-grow)}<\/style>\t\t<div class=\"elementor-wrapper elementor-open-inline\">\n\t\t\t<div class=\"elementor-video\"><\/div>\t\t<\/div>\n\t\t\t\t<\/div>\n\t\t\t\t<\/div>\n\t\t\t\t\t<\/div>\n\t\t<\/div>\n\t\t\t\t\t\t\t<\/div>\n\t\t<\/section>\n\t\t\t\t\t\t\t<\/div>\n\t\t","protected":false},"excerpt":{"rendered":"<p>\ud83c\udf89 \u00a1Llegamos a 10,000 Suscriptores! Construye tu Propia CNC Plasma Paso a Paso En El Garage Creativo cumplimos nuestra palabra: al alcanzar los 10,000 suscriptores, liberamos gratuitamente toda la informaci\u00f3n necesaria para que puedas construir tu propia m\u00e1quina CNC plasma de gran formato. Aqu\u00ed encontrar\u00e1s: Diagrama el\u00e9ctrico completo Modelo 3D detallado Lista de materiales Archivo &hellip;<\/p>\n<p class=\"read-more\"> <a class=\"\" href=\"https:\/\/opencnc.mx\/wordpress\/index.php\/elementor-420\/\"> <span class=\"screen-reader-text\">OpenCnc Plasma<\/span> Leer m\u00e1s &raquo;<\/a><\/p>\n","protected":false},"author":1,"featured_media":0,"parent":0,"menu_order":0,"comment_status":"closed","ping_status":"closed","template":"","meta":{"_eb_attr":"","site-sidebar-layout":"no-sidebar","site-content-layout":"","ast-site-content-layout":"full-width-container","site-content-style":"default","site-sidebar-style":"default","ast-global-header-display":"","ast-banner-title-visibility":"","ast-main-header-display":"","ast-hfb-above-header-display":"","ast-hfb-below-header-display":"","ast-hfb-mobile-header-display":"","site-post-title":"disabled","ast-breadcrumbs-content":"","ast-featured-img":"disabled","footer-sml-layout":"","theme-transparent-header-meta":"","adv-header-id-meta":"","stick-header-meta":"","header-above-stick-meta":"","header-main-stick-meta":"","header-below-stick-meta":"","astra-migrate-meta-layouts":"","footnotes":""},"class_list":["post-420","page","type-page","status-publish","hentry"],"_links":{"self":[{"href":"https:\/\/opencnc.mx\/wordpress\/index.php\/wp-json\/wp\/v2\/pages\/420","targetHints":{"allow":["GET"]}}],"collection":[{"href":"https:\/\/opencnc.mx\/wordpress\/index.php\/wp-json\/wp\/v2\/pages"}],"about":[{"href":"https:\/\/opencnc.mx\/wordpress\/index.php\/wp-json\/wp\/v2\/types\/page"}],"author":[{"embeddable":true,"href":"https:\/\/opencnc.mx\/wordpress\/index.php\/wp-json\/wp\/v2\/users\/1"}],"replies":[{"embeddable":true,"href":"https:\/\/opencnc.mx\/wordpress\/index.php\/wp-json\/wp\/v2\/comments?post=420"}],"version-history":[{"count":33,"href":"https:\/\/opencnc.mx\/wordpress\/index.php\/wp-json\/wp\/v2\/pages\/420\/revisions"}],"predecessor-version":[{"id":479,"href":"https:\/\/opencnc.mx\/wordpress\/index.php\/wp-json\/wp\/v2\/pages\/420\/revisions\/479"}],"wp:attachment":[{"href":"https:\/\/opencnc.mx\/wordpress\/index.php\/wp-json\/wp\/v2\/media?parent=420"}],"curies":[{"name":"wp","href":"https:\/\/api.w.org\/{rel}","templated":true}]}}